 320. Calculate z(4).
-8
Let n be 415 - (-7 - -3*12/9). Let h = n + -418. Let t(k) = -k**2 + k - 10. Determine t(h).
-10
Let n = 3507 + -3498. Let l(c) = -c + 12. Give l(n).
3
Let k(v) = -1 - v**2 + 18*v - 7 - 30. What is k(15)?
7
Let m(x) = 36904*x + 62 - 73793*x + 36885*x. Determine m(18).
-10
Let o be -6*1*2/(-3). Suppose 3*d + 6 = o*d. Let p(l) be the third derivative of -l**4/24 + l**3/6 - 23*l**2 + 24*l. Give p(d).
-5
Suppose 2*f - 10*f - f = 0. Let v(w) = -34*w**2 + 5*w - 14. Let d(b) = -45*b**2 + 7*b - 14. Let g(a) = -3*d(a) + 4*v(a). What is g(f)?
-14
Suppose -3*h - 7 = 3*i - 1, -4*i = h - 4. Suppose -5*n - 2*k = 50, 2*n - n = 2*k + i. Let b(p) = -2 + 8 - 9*p - p**2 - 2. Calculate b(n).
12
Let g(t) be the first derivative of t**4/4 + 16*t**3/3 + 17*t**2/2 + 25*t - 485. Calculate g(-15).
-5
Let j(b) = 32*b + 20. Let t(o) = 15*o + 8. Let z(h) = 2*j(h) - 5*t(h). Suppose 4*n - 1 = 3. Determine z(n).
-11
Let k(x) be the first derivative of -2*x**4 - 2*x**3/3 + 3*x**2/2 - 5*x - 2093. Determine k(2).
-71
Suppose 0 = -5*l, 3*w - 16*l + 13*l = -12. Let y(f) = f**2 - f - 14. Let c(r) = 3*r**2 - 2*r - 41. Let v(j) = -4*c(j) + 11*y(j). Give v(w).
6
Let k(v) = v**3 - v**2 - 8. Let y = 123 - 121. Suppose -2*z + 35 = 5*z. Suppose 5*j + 5*u + z = -0*u, 2 = y*j - 2*u. Determine k(j).
-8
Let k(y) be the first derivative of -y**4/4 - 4*y**3/3 + 3*y**2 - 7*y + 2347. Give k(-5).
-12
Let z(j) be the second derivative of 1/12*j**4 - 17*j - j**2 + 1/6*j**3 + 0. Give z(3).
10
Let o(v) = -2*v**3 - 2*v**2 - v. Let t(p) = 2*p**2 + 15*p + 6. Suppose 21 = 5*j + 56. Let r be t(j). Determine o(r).
1
Let u = -84 + 86. Let c(v) = 41*v**2 - 6*v + 6*v + 2 - 37*v**u. Let y be 5 - (0/(-5) + 3). Give c(y).
18
Let y(b) = -b**2 - 19*b + 179. Suppose -99 = 4*r + z, -20*r + 18*r - 4*z = 32. What is y(r)?
-3
Suppose x - 9 = 18. Suppose q + x = -5*r, -5*q + 13 = r + 4. Let k(m) be the first derivative of -m**2/2 - 12*m + 46. What is k(r)?
-6
Suppose -5*u + 26 = -3*u - 2*n, 4*u - n = 43. Let f be (44/u)/(2/10). Suppose -l - l = 5*q - f, -2*q + 2*l = -20. Let x(o) = o - 1. Determine x(q).
5
Let t(o) = 7*o - 3. Suppose -5*m + h = -3*h - 172, 2*h + 140 = 4*m. Suppose 0 = -6*i + m - 18. Suppose 0*n - 2*n - i*d - 18 = 0, -5*d = n + 23. Determine t(n).
-24
Let u(l) = -6*l**2 - 2*l - 6. Let s(h) = 5*h**2 + 3*h + 6. Let d = 370 - 375. Let p(n) = d*s(n) - 4*u(n). Give p(-7).
-6
Let x(b) = -b**3 + 9*b**2 - 11*b + 6. Suppose 160 = 921*i - 901*i. What is x(i)?
-18
Let t(k) = 4*k - 6 + 0*k**2 - 89*k**3 + 166*k**3 - 76*k**3 + 3 + 6*k**2. Let v(j) = 2*j - 18. Let m be v(6). Determine t(m).
-27
Let q(n) = 2*n + n**3 - 4*n**2 + 0*n**2 + 867 - 869 + 0*n + 0*n**2. Let z = 2 + 0. Suppose 0*v = -z*v + 8. Determine q(v).
6
Suppose -w + 3 = 0, -196*w + 192*w + 18 = 2*y. Let o(f) = 6*f**2 + 1. Give o(y).
55
Let j(q) = -14*q**2 + 32*q - 5. Let c be j(2). Let g(k) = -2*k**2 + 6*k - 15. Give g(c).
-15
Let p(d) = -d**2 + 3*d**3 - 52499*d - 10 + 52497*d + 4*d**2 - 2*d**3. Give p(0).
-10
Let h(y) = -1037*y - 1 + 11 + 1034*y. Let g = -7 - -4. Let r(l) = -2*l + 9. Let k(w) = g*h(w) + 4*r(w). Determine k(-8).
-2
Let n(t) = -t**2 + 2. Let c(g) = g**3 - 6*g**2 - 13*g - 9. Let z be c(6). Let m = 63 + z. Let k be ((-8)/m)/(1/9). Give n(k).
-7
Let f = -8 - -4. Let o(n) = -54*n**3 + 8*n**2 + 22*n - 7. Let j(v) = -65*v**3 + 9*v**2 + 27*v - 8. Let y(t) = -5*j(t) + 6*o(t). Calculate y(f).
-6
Let l(v) = v. Let x(o) be the second derivative of -o**4/12 - 17*o**3/6 + 9*o**2 + 6*o. Let c be x(-18). Suppose 0 = -j + 3, 0 = -a - c*a + j - 7. Give l(a).
-4
Let k(l) = l**2 - 5*l + 5. Let x = -126 + 124. Suppose 0*c + 16 = 2*c. Let o = x + c. Give k(o).
11
Suppose 0 = 47*t + 103527 - 103903. Let y(w) = -3*w + 3*w + 4 - w. Determine y(t).
-4
Let t(v) = v - 2. Let l be t(3). Suppose -16 = 3*h - l. Let i(f) be the third derivative of f**4/24 + 11*f**3/6 + f**2 + 94. Determine i(h).
6
Let q(s) = 0*s + 7 + 6*s - 7*s + 0*s. Suppose -185 - 9 - 370 = -94*n. Give q(n).
1
Suppose -u + 33 = -h, -3*u + h + 98 = -7. Let o = u - 31. Let r(t) be the first derivative of t**4/4 - 5*t**3/3 - 5*t**2/2 + t + 26. Calculate r(o).
-24
Let v = -37 + 42. Suppose -33 = -14*m - v. Let q(x) = -7*x**2 + 5 + 7*x - x**3 + 10*x**2 - 2*x - m. Calculate q(4).
7
Let v(q) = -6*q**3 + q**2 + q. Suppose 30 = -21*d + 24*d. Suppose -85 = d*f - 75. Calculate v(f).
6
Let u = 1089 - 1086. Let t(f) be the second derivative of 1/2*f**2 - 1/12*f**4 - 4*f + 1/2*f**u + 0. What is t(4)?
-3
Let d(k) = -k**3 + 6*k**2 - 4*k. Let y be d(5). Let t(q) = 3*q + 2 + 4 + y*q - 4*q. Let r(h) = 3*h + 5. Let l(o) = -3*r(o) + 2*t(o). Calculate l(-2).
-1
Let p(z) = z + 6. Suppose 18 = m + 2*g, -4*m + 2*g + 1781 - 1689 = 0. Determine p(m).
28
Let z(n) = -n**3 + 9*n**2 + 2*n - 2. Let t be 209 + (2 - (-3 + 6)). Suppose -3*c + 11*c = -t. Let b = 35 + c. Give z(b).
16
Let a(u) = -3*u**3 - 22*u**2 + 13*u - 1. Let w(k) = 4*k**3 + 26*k**2 - 15*k + 1. Let z(c) = 5*a(c) + 4*w(c). Give z(5).
-1
Let b be -10 + 0 + 10 + -5. Let z be -4 + (-55)/b + 12/(-4). Let v(o) = -o**2 + 2*o + 2. What is v(z)?
-6
Let x(a) = 2*a - 14. Suppose -10*z + 314 = -206. Suppose 61*l - 90 = z*l. What is x(l)?
6
Suppose -17 = -25*v + 33. Suppose t - 4*n = -v, t = -4*n + 7 + 7. Let b(l) = 3*l + 6. Determine b(t).
24
Let r(j) = -101*j + 55. Let x(g) = 118*g - 55. Let q(t) = 7*r(t) + 6*x(t). What is q(-47)?
8
Suppose 0 = 18*l - 13*l + 175. Suppose -31 = 4*b - 5*b. Let z = l + b. Let f(h) = h**3 + 4*h**2 - 1. What is f(z)?
-1
Let q(n) = -107311 + 107227 - 57*n**2 + 12*n - 38*n + 2*n**3. What is q(29)?
3
Let i(l) = 2*l**2 + 5*l + 7. Suppose 0 = -z + 55*z + 108. Calculate i(z).
5
Suppose 119*u - 1440 = 29*u. Let t(g) = -g**2 + 18*g + 2. Calculate t(u).
34
Let b(g) = -g**2 - 3*g - 3. Suppose -2685 = 11*s - 26*s. Let v = -181 + s. Calculate b(v).
-1
Let x = -82 + 82. Let m(r) = 9 + r**2 - 8*r + x*r**2 - 3*r. Calculate m(7).
-19
Let g(o) = -86 - 4134*o + 4116*o - 81. Give g(-9).
-5
Suppose 8*m + 180 = -52*m. Let v = -3 - -8. Let g(o) = o + 0*o - v + 6 + 0. Give g(m).
-2
Let p = 33 + -35. Let c be (-2)/3 - p/3. Suppose c = -2*z + r + 3, -3*r = 4*z + z - 2. Let n(a) = 2*a. Determine n(z).
2
Let x(p) = -8*p**2 + 6*p**3 + 2*p**3 - 9*p**2 + 18*p**2 - 1. Suppose 4*l = -137 - 427. Let n = l - -140. Determine x(n).
-8
Let j(s) be the second derivative of -s**4/12 - 7*s**3/6 + 6*s**2 - 15151*s. Let h(q) = -10*q + 1. Let p be h(1). Calculate j(p).
-6
Suppose -4*x + 29*x + 0 - 75 = 0. Let s(z) be the second derivative of 1/3*z**x - 1/12*z**4 + 7/2*z**2 + 0 - 2*z. Determine s(5).
-8
Let b(t) = 8*t**3 - 631*t**2 - 81*t + 179. Let g be b(79). Let n(k) = -2*k**2 + 45*k - 58. Determine n(g).
5
Suppose -11 + 11 = -12*g. Let k(m) = 0*m + 3*m + 15 - 21 - 5*m. What is k(g)?
-6
Let r(h) = 18*h**2 - h + 13. Let b(i) = 32*i**2 - 2*i + 25. Let g(x) = -5*b(x) + 9*r(x). Calculate g(-6).
58
Let v(x) = -4*x. Let u be v(2). Let y = -35 + 36. Let t(h) = -2 - 5*h + 0 - 3*h - h**2 - y. Give t(u).
-3
Let n(b) = b**2 - 7*b + 9. Suppose -3*z - 3 = 3*q, 5*z + q + 9 = -0*q. Let y be (z/6)/((-25)/450). Calculate n(y).
3
Let h(i) = -3*i**3 + i**2. Let s(m) = 19*m**3 - 5*m**2 - 2*m + 2. Let q(v) = -6*h(v) - s(v). Suppose -5*g = 11 + 4. Give q(g).
10
Let a(s) = 8*s - 9. Let i be a(4). Suppose 13*u - i - 16 = 0. Let o(y) = -8*y + 3. Determine o(u).
-21
Let a(j) be the first derivative of j**5/60 + j**4/24 + j**2 - 18. Let u(q) be the second derivative of a(q). What is u(-1)?
0
Let z(n) be the third derivative of 0*n + 1/60*n**5 + 0*n**3 - 1/3*n**4 + 0 - 80*n**2. Suppose -6 = -3*j + 18. What is z(j)?
0
Let g(q) = 146*q + 15. Let s(u) = -515*u - 44. Let b(o) = 7*g(o) + 2*s(o). Calculate b(10).
-63
Suppose 142*u + 763 = 35*u - 1805. Let n(c) = c**2 + 28*c + 93. What is n(u)?
-3
Let h(a) = -a**3 + 4*a**2 - 1. Let f = -23 + 128. Suppose 3*m - f = 5*x - 25, -48 = -2*m + 2*x. Suppose 0 = -15*t + m*t - 15. What is h(t)?
8
Let m(y) = 33*y - y**2 - 35*y + 3*y + 5*y - 3*y - 11. Determine m(0).
-11
Let m be ((-910)/45)/(-7) - 4/(-36). Let n be (201/39 - 2/13) + m. Let u(q) = q**2 - 8*q + 5. Give u(n).
5
Let c(u) = -u**3 - 4*u**2 + 9*u. Suppose -5 = -5*s, 3*a - s + 9 = -10. What is c(a)?
18
Let d(j) = -3*j - 24. Let x be d(-8). Let p(z) = 251 - 9*z - z**2 + x*z**2 - 251. Calculate p(-6)